{"id":940,"date":"2026-03-31T12:04:52","date_gmt":"2026-03-31T10:04:52","guid":{"rendered":"https:\/\/skola-spc.cz\/spc\/?page_id=940"},"modified":"2026-04-17T10:32:22","modified_gmt":"2026-04-17T08:32:22","slug":"pozvanka-na-10-4","status":"publish","type":"page","link":"https:\/\/skola-spc.cz\/spc\/pozvanka-na-10-4\/","title":{"rendered":"Aktualita &#8211; Pozv\u00e1nka na 10.4"},"content":{"rendered":"\t\t<div data-elementor-type=\"wp-page\" data-elementor-id=\"940\" class=\"elementor elementor-940\">\n\t\t\t\t<div class=\"elementor-element elementor-element-0890e04 e-flex e-con-boxed e-con e-parent\" data-id=\"0890e04\" data-element_type=\"container\" data-e-type=\"container\">\n\t\t\t\t\t<div class=\"e-con-inner\">\n\t\t\t\t<div class=\"elementor-element elementor-element-9e71cda elementor-widget elementor-widget-spacer\" data-id=\"9e71cda\" data-element_type=\"widget\" data-e-type=\"widget\" data-widget_type=\"spacer.default\">\n\t\t\t\t\t\t\t<div class=\"elementor-spacer\">\n\t\t\t<div class=\"elementor-spacer-inner\"><\/div>\n\t\t<\/div>\n\t\t\t\t\t\t<\/div>\n\t\t\t\t\t<\/div>\n\t\t\t\t<\/div>\n\t\t<div class=\"elementor-element elementor-element-dab44f7 e-flex e-con-boxed e-con e-parent\" data-id=\"dab44f7\" data-element_type=\"container\" data-e-type=\"container\">\n\t\t\t\t\t<div class=\"e-con-inner\">\n\t\t\t\t<div class=\"elementor-element elementor-element-efd4077 elementor-widget elementor-widget-heading\" data-id=\"efd4077\" data-element_type=\"widget\" data-e-type=\"widget\" data-widget_type=\"heading.default\">\n\t\t\t\t\t<h4 class=\"elementor-heading-title elementor-size-default\">Pozv\u00e1nka na pracovn\u00ed setk\u00e1n\u00ed pedagogick\u00fdch pracovn\u00edk\u016f na t\u00e9ma:<\/h4>\t\t\t\t<\/div>\n\t\t\t\t\t<\/div>\n\t\t\t\t<\/div>\n\t\t<div class=\"elementor-element elementor-element-a8e8671 e-flex e-con-boxed e-con e-parent\" data-id=\"a8e8671\" data-element_type=\"container\" data-e-type=\"container\">\n\t\t\t\t\t<div class=\"e-con-inner\">\n\t\t\t\t<div class=\"elementor-element elementor-element-9a84fb3 elementor-widget elementor-widget-spacer\" data-id=\"9a84fb3\" data-element_type=\"widget\" data-e-type=\"widget\" data-widget_type=\"spacer.default\">\n\t\t\t\t\t\t\t<div class=\"elementor-spacer\">\n\t\t\t<div class=\"elementor-spacer-inner\"><\/div>\n\t\t<\/div>\n\t\t\t\t\t\t<\/div>\n\t\t\t\t\t<\/div>\n\t\t\t\t<\/div>\n\t\t<div class=\"elementor-element elementor-element-dc62e8d e-flex e-con-boxed e-con e-parent\" data-id=\"dc62e8d\" data-element_type=\"container\" data-e-type=\"container\">\n\t\t\t\t\t<div class=\"e-con-inner\">\n\t\t\t\t<div class=\"elementor-element elementor-element-53debac elementor-widget elementor-widget-heading\" data-id=\"53debac\" data-element_type=\"widget\" data-e-type=\"widget\" data-widget_type=\"heading.default\">\n\t\t\t\t\t<h4 class=\"elementor-heading-title elementor-size-default\">Vzd\u011bl\u00e1v\u00e1n\u00ed \u017e\u00e1ka se speci\u00e1ln\u00edmi vzd\u011bl\u00e1vac\u00edmi pot\u0159ebami \nna st\u0159edn\u00ed \u0161kole<\/h4>\t\t\t\t<\/div>\n\t\t\t\t\t<\/div>\n\t\t\t\t<\/div>\n\t\t<div class=\"elementor-element elementor-element-3775736 e-flex e-con-boxed e-con e-parent\" data-id=\"3775736\" data-element_type=\"container\" data-e-type=\"container\">\n\t\t\t\t\t<div class=\"e-con-inner\">\n\t\t\t\t<div class=\"elementor-element elementor-element-ce20a41 elementor-widget elementor-widget-spacer\" data-id=\"ce20a41\" data-element_type=\"widget\" data-e-type=\"widget\" data-widget_type=\"spacer.default\">\n\t\t\t\t\t\t\t<div class=\"elementor-spacer\">\n\t\t\t<div class=\"elementor-spacer-inner\"><\/div>\n\t\t<\/div>\n\t\t\t\t\t\t<\/div>\n\t\t\t\t\t<\/div>\n\t\t\t\t<\/div>\n\t\t<div class=\"elementor-element elementor-element-ec44bce e-flex e-con-boxed e-con e-parent\" data-id=\"ec44bce\" data-element_type=\"container\" data-e-type=\"container\">\n\t\t\t\t\t<div class=\"e-con-inner\">\n\t\t\t\t<div class=\"elementor-element elementor-element-3f5c5f5 elementor-align-center elementor-widget elementor-widget-button\" data-id=\"3f5c5f5\" data-element_type=\"widget\" data-e-type=\"widget\" data-widget_type=\"button.default\">\n\t\t\t\t\t\t\t\t\t\t<a class=\"elementor-button elementor-button-link elementor-size-sm\" href=\"https:\/\/docs.google.com\/forms\/d\/e\/1FAIpQLSdsJOPvfZXWcdvFfjUSRYSl8I32wk49B1UOu9v_P-8AOi15rA\/viewform\" target=\"_blank\">\n\t\t\t\t\t\t<span class=\"elementor-button-content-wrapper\">\n\t\t\t\t\t\t\t\t\t<span class=\"elementor-button-text\">Formul\u00e1\u0159 pro p\u0159ihl\u00e1\u0161en\u00ed<\/span>\n\t\t\t\t\t<\/span>\n\t\t\t\t\t<\/a>\n\t\t\t\t\t\t\t\t<\/div>\n\t\t\t\t\t<\/div>\n\t\t\t\t<\/div>\n\t\t<div class=\"elementor-element elementor-element-8134523 e-flex e-con-boxed e-con e-parent\" data-id=\"8134523\" data-element_type=\"container\" data-e-type=\"container\">\n\t\t\t\t\t<div class=\"e-con-inner\">\n\t\t\t\t<div class=\"elementor-element elementor-element-5555c0f elementor-widget elementor-widget-spacer\" data-id=\"5555c0f\" data-element_type=\"widget\" data-e-type=\"widget\" data-widget_type=\"spacer.default\">\n\t\t\t\t\t\t\t<div class=\"elementor-spacer\">\n\t\t\t<div class=\"elementor-spacer-inner\"><\/div>\n\t\t<\/div>\n\t\t\t\t\t\t<\/div>\n\t\t\t\t\t<\/div>\n\t\t\t\t<\/div>\n\t\t<div class=\"elementor-element elementor-element-4994a7e e-flex e-con-boxed e-con e-parent\" data-id=\"4994a7e\" data-element_type=\"container\" data-e-type=\"container\">\n\t\t\t\t\t<div class=\"e-con-inner\">\n\t\t\t\t<div class=\"elementor-element elementor-element-7573de0 elementor-widget elementor-widget-heading\" data-id=\"7573de0\" data-element_type=\"widget\" data-e-type=\"widget\" data-widget_type=\"heading.default\">\n\t\t\t\t\t<h4 class=\"elementor-heading-title elementor-size-default\">M\u00edsto setk\u00e1n\u00ed<\/h4>\t\t\t\t<\/div>\n\t\t\t\t\t<\/div>\n\t\t\t\t<\/div>\n\t\t<div class=\"elementor-element elementor-element-f7e0ac8 e-flex e-con-boxed e-con e-parent\" data-id=\"f7e0ac8\" data-element_type=\"container\" data-e-type=\"container\">\n\t\t\t\t\t<div class=\"e-con-inner\">\n\t\t\t\t<div class=\"elementor-element elementor-element-89503ef elementor-widget elementor-widget-text-editor\" data-id=\"89503ef\" data-element_type=\"widget\" data-e-type=\"widget\" data-widget_type=\"text-editor.default\">\n\t\t\t\t\t\t\t\t\t<p>Speci\u00e1ln\u011b pedagogick\u00e9 centrum Zl\u00edn, St\u0159edov\u00e1 4694<\/p>\t\t\t\t\t\t\t\t<\/div>\n\t\t\t\t\t<\/div>\n\t\t\t\t<\/div>\n\t\t<div class=\"elementor-element elementor-element-15098cf e-flex e-con-boxed e-con e-parent\" data-id=\"15098cf\" data-element_type=\"container\" data-e-type=\"container\">\n\t\t\t\t\t<div class=\"e-con-inner\">\n\t\t\t\t<div class=\"elementor-element elementor-element-5e3f169 elementor-widget elementor-widget-heading\" data-id=\"5e3f169\" data-element_type=\"widget\" data-e-type=\"widget\" data-widget_type=\"heading.default\">\n\t\t\t\t\t<h4 class=\"elementor-heading-title elementor-size-default\">Term\u00edn<\/h4>\t\t\t\t<\/div>\n\t\t\t\t\t<\/div>\n\t\t\t\t<\/div>\n\t\t<div class=\"elementor-element elementor-element-b21f17d e-flex e-con-boxed e-con e-parent\" data-id=\"b21f17d\" data-element_type=\"container\" data-e-type=\"container\">\n\t\t\t\t\t<div class=\"e-con-inner\">\n\t\t\t\t<div class=\"elementor-element elementor-element-ce5da49 elementor-widget elementor-widget-text-editor\" data-id=\"ce5da49\" data-element_type=\"widget\" data-e-type=\"widget\" data-widget_type=\"text-editor.default\">\n\t\t\t\t\t\t\t\t\t<p>10. 4. 2026 od 9:00 do 12:00 hodin<\/p>\t\t\t\t\t\t\t\t<\/div>\n\t\t\t\t\t<\/div>\n\t\t\t\t<\/div>\n\t\t<div class=\"elementor-element elementor-element-97bdafc e-flex e-con-boxed e-con e-parent\" data-id=\"97bdafc\" data-element_type=\"container\" data-e-type=\"container\">\n\t\t\t\t\t<div class=\"e-con-inner\">\n\t\t\t\t<div class=\"elementor-element elementor-element-682f887 elementor-widget elementor-widget-heading\" data-id=\"682f887\" data-element_type=\"widget\" data-e-type=\"widget\" data-widget_type=\"heading.default\">\n\t\t\t\t\t<h4 class=\"elementor-heading-title elementor-size-default\">Ur\u010dena pro<\/h4>\t\t\t\t<\/div>\n\t\t\t\t\t<\/div>\n\t\t\t\t<\/div>\n\t\t<div class=\"elementor-element elementor-element-afd354a e-flex e-con-boxed e-con e-parent\" data-id=\"afd354a\" data-element_type=\"container\" data-e-type=\"container\">\n\t\t\t\t\t<div class=\"e-con-inner\">\n\t\t\t\t<div class=\"elementor-element elementor-element-0ec1849 elementor-widget elementor-widget-text-editor\" data-id=\"0ec1849\" data-element_type=\"widget\" data-e-type=\"widget\" data-widget_type=\"text-editor.default\">\n\t\t\t\t\t\t\t\t\t<p>Vyu\u010duj\u00edc\u00ed \u017e\u00e1ka (u\u010ditel, asistent pedagoga), p\u0159\u00edpadn\u011b pro pracovn\u00edky \u0160PP, kte\u0159\u00ed se na vzd\u011bl\u00e1v\u00e1n\u00ed \u017e\u00e1ka s SVP pod\u00edlej\u00ed ve form\u011b PSPP, resp. jeho vzd\u011bl\u00e1v\u00e1n\u00ed na \u0161kole metodicky za\u0161ti\u0165uj\u00ed \u2013 klienty SPC Zl\u00edn, St\u0159edov\u00e1.<\/p>\t\t\t\t\t\t\t\t<\/div>\n\t\t\t\t\t<\/div>\n\t\t\t\t<\/div>\n\t\t<div class=\"elementor-element elementor-element-dfcfe05 e-flex e-con-boxed e-con e-parent\" data-id=\"dfcfe05\" data-element_type=\"container\" data-e-type=\"container\">\n\t\t\t\t\t<div class=\"e-con-inner\">\n\t\t\t\t<div class=\"elementor-element elementor-element-c3a486b elementor-widget elementor-widget-heading\" data-id=\"c3a486b\" data-element_type=\"widget\" data-e-type=\"widget\" data-widget_type=\"heading.default\">\n\t\t\t\t\t<h4 class=\"elementor-heading-title elementor-size-default\">Forma setk\u00e1n\u00ed<\/h4>\t\t\t\t<\/div>\n\t\t\t\t\t<\/div>\n\t\t\t\t<\/div>\n\t\t<div class=\"elementor-element elementor-element-7c59db4 e-flex e-con-boxed e-con e-parent\" data-id=\"7c59db4\" data-element_type=\"container\" data-e-type=\"container\">\n\t\t\t\t\t<div class=\"e-con-inner\">\n\t\t\t\t<div class=\"elementor-element elementor-element-53601ba elementor-widget elementor-widget-text-editor\" data-id=\"53601ba\" data-element_type=\"widget\" data-e-type=\"widget\" data-widget_type=\"text-editor.default\">\n\t\t\t\t\t\t\t\t\t<p>Setk\u00e1n\u00ed bude realizov\u00e1no dle aktu\u00e1ln\u00edch pot\u0159eb \u00fa\u010dastn\u00edk\u016f formou diskuse a konzultace s lektory. P\u0159ipravte si pros\u00edm dotazy a t\u00e9mata ke konzultaci.<\/p>\t\t\t\t\t\t\t\t<\/div>\n\t\t\t\t\t<\/div>\n\t\t\t\t<\/div>\n\t\t<div class=\"elementor-element elementor-element-cdfed39 e-flex e-con-boxed e-con e-parent\" data-id=\"cdfed39\" data-element_type=\"container\" data-e-type=\"container\">\n\t\t\t\t\t<div class=\"e-con-inner\">\n\t\t\t\t<div class=\"elementor-element elementor-element-88fd164 elementor-widget elementor-widget-heading\" data-id=\"88fd164\" data-element_type=\"widget\" data-e-type=\"widget\" data-widget_type=\"heading.default\">\n\t\t\t\t\t<h4 class=\"elementor-heading-title elementor-size-default\">Lektor<\/h4>\t\t\t\t<\/div>\n\t\t\t\t\t<\/div>\n\t\t\t\t<\/div>\n\t\t<div class=\"elementor-element elementor-element-8f06f2e e-flex e-con-boxed e-con e-parent\" data-id=\"8f06f2e\" data-element_type=\"container\" data-e-type=\"container\">\n\t\t\t\t\t<div class=\"e-con-inner\">\n\t\t\t\t<div class=\"elementor-element elementor-element-cfb3449 elementor-widget elementor-widget-text-editor\" data-id=\"cfb3449\" data-element_type=\"widget\" data-e-type=\"widget\" data-widget_type=\"text-editor.default\">\n\t\t\t\t\t\t\t\t\t<p>Mgr. Mark\u00e9ta Forejtarov\u00e1<\/p>\t\t\t\t\t\t\t\t<\/div>\n\t\t\t\t\t<\/div>\n\t\t\t\t<\/div>\n\t\t<div class=\"elementor-element elementor-element-298096f e-flex e-con-boxed e-con e-parent\" data-id=\"298096f\" data-element_type=\"container\" data-e-type=\"container\">\n\t\t\t\t\t<div class=\"e-con-inner\">\n\t\t\t\t<div class=\"elementor-element elementor-element-4864b86 elementor-widget elementor-widget-heading\" data-id=\"4864b86\" data-element_type=\"widget\" data-e-type=\"widget\" data-widget_type=\"heading.default\">\n\t\t\t\t\t<h4 class=\"elementor-heading-title elementor-size-default\">Popis setk\u00e1n\u00ed <\/h4>\t\t\t\t<\/div>\n\t\t\t\t\t<\/div>\n\t\t\t\t<\/div>\n\t\t<div class=\"elementor-element elementor-element-0b1d8e7 e-flex e-con-boxed e-con e-parent\" data-id=\"0b1d8e7\" data-element_type=\"container\" data-e-type=\"container\">\n\t\t\t\t\t<div class=\"e-con-inner\">\n\t\t\t\t<div class=\"elementor-element elementor-element-76689ec elementor-widget elementor-widget-text-editor\" data-id=\"76689ec\" data-element_type=\"widget\" data-e-type=\"widget\" data-widget_type=\"text-editor.default\">\n\t\t\t\t\t\t\t\t\t<p>Na setk\u00e1n\u00ed si m\u016f\u017eete p\u0159ipravit konkr\u00e9tn\u00ed dotazy t\u00fdkaj\u00edc\u00ed se podp\u016frn\u00fdch opat\u0159en\u00ed, situac\u00ed a probl\u00e9m\u016f, se kter\u00fdmi se v praxi setk\u00e1v\u00e1te. Doporu\u010dujeme s sebou vz\u00edt Doporu\u010den\u00ed \u0160PZ konkr\u00e9tn\u00edho \u017e\u00e1ka, IVP, nebo t\u0159eba i test, p\u00edsemnou pr\u00e1ci, se\u0161it, pom\u016fcku apod. Tato pracovn\u00ed setk\u00e1n\u00ed pova\u017eujeme za d\u016fle\u017eitou a nezbytnou sou\u010d\u00e1st vz\u00e1jemn\u00e9 spolupr\u00e1ce \u0161kol a \u0161kolsk\u00fdch poradensk\u00fdch za\u0159\u00edzen\u00ed v r\u00e1mci inkluzivn\u00edho vzd\u011bl\u00e1v\u00e1n\u00ed a v\u011b\u0159\u00edme, \u017ee i tato forma nab\u00edzen\u00e9 metodick\u00e9 podpory, krom\u011b standardn\u00edch konzultac\u00ed v r\u00e1mci v\u00fdjezd\u016f do \u0161kol, bude p\u0159\u00ednosn\u00e1 pro va\u0161i pedagogickou praxi.<\/p>\t\t\t\t\t\t\t\t<\/div>\n\t\t\t\t\t<\/div>\n\t\t\t\t<\/div>\n\t\t<div class=\"elementor-element elementor-element-7532594 e-flex e-con-boxed e-con e-parent\" data-id=\"7532594\" data-element_type=\"container\" data-e-type=\"container\">\n\t\t\t\t\t<div class=\"e-con-inner\">\n\t\t\t\t<div class=\"elementor-element elementor-element-05d5395 elementor-widget elementor-widget-heading\" data-id=\"05d5395\" data-element_type=\"widget\" data-e-type=\"widget\" data-widget_type=\"heading.default\">\n\t\t\t\t\t<h4 class=\"elementor-heading-title elementor-size-default\">Potvrzen\u00ed \u00fa\u010dasti<\/h4>\t\t\t\t<\/div>\n\t\t\t\t\t<\/div>\n\t\t\t\t<\/div>\n\t\t<div class=\"elementor-element elementor-element-3d78009 e-flex e-con-boxed e-con e-parent\" data-id=\"3d78009\" data-element_type=\"container\" data-e-type=\"container\">\n\t\t\t\t\t<div class=\"e-con-inner\">\n\t\t\t\t<div class=\"elementor-element elementor-element-293edeb elementor-widget elementor-widget-text-editor\" data-id=\"293edeb\" data-element_type=\"widget\" data-e-type=\"widget\" data-widget_type=\"text-editor.default\">\n\t\t\t\t\t\t\t\t\t<p>Kapacita m\u00edstnosti je omezena, proto se, pros\u00edm, p\u0159ihlaste do 28. 2. 2026<\/p>\t\t\t\t\t\t\t\t<\/div>\n\t\t\t\t\t<\/div>\n\t\t\t\t<\/div>\n\t\t<div class=\"elementor-element elementor-element-c393aca e-flex e-con-boxed e-con e-parent\" data-id=\"c393aca\" data-element_type=\"container\" data-e-type=\"container\">\n\t\t\t\t\t<div class=\"e-con-inner\">\n\t\t\t\t<div class=\"elementor-element elementor-element-7bda26f elementor-widget elementor-widget-text-editor\" data-id=\"7bda26f\" data-element_type=\"widget\" data-e-type=\"widget\" data-widget_type=\"text-editor.default\">\n\t\t\t\t\t\t\t\t\t<p>T\u011b\u0161\u00edme se na setk\u00e1n\u00ed s V\u00e1mi!<\/p>\t\t\t\t\t\t\t\t<\/div>\n\t\t\t\t\t<\/div>\n\t\t\t\t<\/div>\n\t\t<div class=\"elementor-element elementor-element-8839baf e-flex e-con-boxed e-con e-parent\" data-id=\"8839baf\" data-element_type=\"container\" data-e-type=\"container\">\n\t\t\t\t\t<div class=\"e-con-inner\">\n\t\t\t\t<div class=\"elementor-element elementor-element-626e2e0 elementor-widget elementor-widget-text-editor\" data-id=\"626e2e0\" data-element_type=\"widget\" data-e-type=\"widget\" data-widget_type=\"text-editor.default\">\n\t\t\t\t\t\t\t\t\t<p>Pozn: Neneseme \u017e\u00e1dnou odpov\u011bdnost za p\u0159\u00edpadn\u00e9 po\u0159\u00edzen\u00ed a zpracov\u00e1n\u00ed fotografi\u00ed, obrazov\u00fdch a zvukov\u00fdch z\u00e1znam\u016f z workshopu jinou osobou<\/p>\t\t\t\t\t\t\t\t<\/div>\n\t\t\t\t\t<\/div>\n\t\t\t\t<\/div>\n\t\t<div class=\"elementor-element elementor-element-eb5a51c e-flex e-con-boxed e-con e-parent\" data-id=\"eb5a51c\" data-element_type=\"container\" data-e-type=\"container\">\n\t\t\t\t\t<div class=\"e-con-inner\">\n\t\t\t\t<div class=\"elementor-element elementor-element-38002b9 elementor-widget elementor-widget-spacer\" data-id=\"38002b9\" data-element_type=\"widget\" data-e-type=\"widget\" data-widget_type=\"spacer.default\">\n\t\t\t\t\t\t\t<div class=\"elementor-spacer\">\n\t\t\t<div class=\"elementor-spacer-inner\"><\/div>\n\t\t<\/div>\n\t\t\t\t\t\t<\/div>\n\t\t\t\t\t<\/div>\n\t\t\t\t<\/div>\n\t\t\t\t<\/div>\n\t\t","protected":false},"excerpt":{"rendered":"<p>Pozv\u00e1nka na pracovn\u00ed setk\u00e1n\u00ed pedagogick\u00fdch pracovn\u00edk\u016f na t\u00e9ma: Vzd\u011bl\u00e1v\u00e1n\u00ed \u017e\u00e1ka se speci\u00e1ln\u00edmi vzd\u011bl\u00e1vac\u00edmi pot\u0159ebami na st\u0159edn\u00ed \u0161kole Formul\u00e1\u0159 pro p\u0159ihl\u00e1\u0161en\u00ed [&hellip;]<\/p>\n","protected":false},"author":2,"featured_media":0,"parent":0,"menu_order":0,"comment_status":"closed","ping_status":"closed","template":"","meta":{"site-sidebar-layout":"no-sidebar","site-content-layout":"","ast-site-content-layout":"full-width-container","site-content-style":"default","site-sidebar-style":"default","ast-global-header-display":"","ast-banner-title-visibility":"","ast-main-header-display":"","ast-hfb-above-header-display":"","ast-hfb-below-header-display":"","ast-hfb-mobile-header-display":"","site-post-title":"disabled","ast-breadcrumbs-content":"","ast-featured-img":"disabled","footer-sml-layout":"","ast-disable-related-posts":"","theme-transparent-header-meta":"","adv-header-id-meta":"","stick-header-meta":"","header-above-stick-meta":"","header-main-stick-meta":"","header-below-stick-meta":"","astra-migrate-meta-layouts":"default","ast-page-background-enabled":"default","ast-page-background-meta":{"desktop":{"background-color":"var(--ast-global-color-5)","background-image":"","background-repeat":"repeat","background-position":"center center","background-size":"auto","background-attachment":"scroll","background-type":"","background-media":"","overlay-type":"","overlay-color":"","overlay-opacity":"","overlay-gradient":""},"tablet":{"background-color":"","background-image":"","background-repeat":"repeat","background-position":"center center","background-size":"auto","background-attachment":"scroll","background-type":"","background-media":"","overlay-type":"","overlay-color":"","overlay-opacity":"","overlay-gradient":""},"mobile":{"background-color":"","background-image":"","background-repeat":"repeat","background-position":"center center","background-size":"auto","background-attachment":"scroll","background-type":"","background-media":"","overlay-type":"","overlay-color":"","overlay-opacity":"","overlay-gradient":""}},"ast-content-background-meta":{"desktop":{"background-color":"var(--ast-global-color-4)","background-image":"","background-repeat":"repeat","background-position":"center center","background-size":"auto","background-attachment":"scroll","background-type":"","background-media":"","overlay-type":"","overlay-color":"","overlay-opacity":"","overlay-gradient":""},"tablet":{"background-color":"var(--ast-global-color-4)","background-image":"","background-repeat":"repeat","background-position":"center center","background-size":"auto","background-attachment":"scroll","background-type":"","background-media":"","overlay-type":"","overlay-color":"","overlay-opacity":"","overlay-gradient":""},"mobile":{"background-color":"var(--ast-global-color-4)","background-image":"","background-repeat":"repeat","background-position":"center center","background-size":"auto","background-attachment":"scroll","background-type":"","background-media":"","overlay-type":"","overlay-color":"","overlay-opacity":"","overlay-gradient":""}},"footnotes":""},"class_list":["post-940","page","type-page","status-publish","hentry"],"_links":{"self":[{"href":"https:\/\/skola-spc.cz\/spc\/wp-json\/wp\/v2\/pages\/940","targetHints":{"allow":["GET"]}}],"collection":[{"href":"https:\/\/skola-spc.cz\/spc\/wp-json\/wp\/v2\/pages"}],"about":[{"href":"https:\/\/skola-spc.cz\/spc\/wp-json\/wp\/v2\/types\/page"}],"author":[{"embeddable":true,"href":"https:\/\/skola-spc.cz\/spc\/wp-json\/wp\/v2\/users\/2"}],"replies":[{"embeddable":true,"href":"https:\/\/skola-spc.cz\/spc\/wp-json\/wp\/v2\/comments?post=940"}],"version-history":[{"count":32,"href":"https:\/\/skola-spc.cz\/spc\/wp-json\/wp\/v2\/pages\/940\/revisions"}],"predecessor-version":[{"id":1386,"href":"https:\/\/skola-spc.cz\/spc\/wp-json\/wp\/v2\/pages\/940\/revisions\/1386"}],"wp:attachment":[{"href":"https:\/\/skola-spc.cz\/spc\/wp-json\/wp\/v2\/media?parent=940"}],"curies":[{"name":"wp","href":"https:\/\/api.w.org\/{rel}","templated":true}]}}